{"id":785,"date":"2021-09-11T09:52:59","date_gmt":"2021-09-11T07:52:59","guid":{"rendered":"https:\/\/clubkultur-freiburg.de\/?page_id=756"},"modified":"2025-05-20T20:24:01","modified_gmt":"2025-05-20T18:24:01","slug":"kulturareal-freiburg-mit-kulturstrassenbahn-clubkultur-e-v","status":"publish","type":"page","link":"https:\/\/clubkultur-freiburg.de\/","title":{"rendered":"Kulturareal Freiburg"},"content":{"rendered":"<div class=\"wp-block-group clubkultur2-vag-blocks\"><div class=\"wp-block-group__inner-container is-layout-flow wp-block-group-is-layout-flow\"><div class=\"wp-block-group clubkultur2-vag-intro\"><div class=\"wp-block-group__inner-container is-layout-flow wp-block-group-is-layout-flow\"><p><strong>Hallo!<\/strong> Wir sind Clubkultur e.V., ein gemeinn\u00fctziger Verein, der sich dem Erhalt und Wiederaufbau der Freiburger Clubkultur verschrieben hat. Unser Projekt ist das Kulturareal Freiburg mit der Kulturstra\u00dfenbahn.<\/p><\/div><\/div>\n\n<div class=\"wp-block-group clubkultur2-vag-titlepic\"><div class=\"wp-block-group__inner-container is-layout-flow wp-block-group-is-layout-flow\"><figure class=\"wp-block-image size-large\"><img loading=\"lazy\" decoding=\"async\" width=\"1024\" height=\"555\" src=\"https:\/\/clubkultur-freiburg.de\/wp-content\/uploads\/2021\/10\/presentation-link-pic-1024x555.jpg\" alt=\"\" class=\"wp-image-823\" srcset=\"https:\/\/clubkultur-freiburg.de\/wp-content\/uploads\/2021\/10\/presentation-link-pic-1024x555.jpg 1024w, https:\/\/clubkultur-freiburg.de\/wp-content\/uploads\/2021\/10\/presentation-link-pic-300x163.jpg 300w, https:\/\/clubkultur-freiburg.de\/wp-content\/uploads\/2021\/10\/presentation-link-pic-768x416.jpg 768w, https:\/\/clubkultur-freiburg.de\/wp-content\/uploads\/2021\/10\/presentation-link-pic-1536x832.jpg 1536w, https:\/\/clubkultur-freiburg.de\/wp-content\/uploads\/2021\/10\/presentation-link-pic-2048x1109.jpg 2048w, https:\/\/clubkultur-freiburg.de\/wp-content\/uploads\/2021\/10\/presentation-link-pic-1568x849.jpg 1568w\" sizes=\"auto, (max-width: 1024px) 100vw, 1024px\" \/><\/figure><\/div><\/div>\n\n<div class=\"wp-block-group clubkultur2-vag-news\"><div class=\"wp-block-group__inner-container is-layout-flow wp-block-group-is-layout-flow\"><h2 class=\"wp-block-heading\">Projekt-Updates<\/h2>\n\n<ul class=\"wp-block-latest-posts__list has-dates wp-block-latest-posts\"><li><a class=\"wp-block-latest-posts__post-title\" href=\"https:\/\/clubkultur-freiburg.de\/?p=1039\">Updates zum Kulturareal Freiburg mit der Kulturstra\u00dfenbahn<\/a><time datetime=\"2025-05-20T18:52:54+02:00\" class=\"wp-block-latest-posts__post-date\">Mai 20, 2025<\/time><\/li>\n<li><a class=\"wp-block-latest-posts__post-title\" href=\"https:\/\/clubkultur-freiburg.de\/?p=1018\">Das Kulturareal Freiburg beim Beteiligungshaushalt 25\/26<\/a><time datetime=\"2024-11-08T10:27:36+01:00\" class=\"wp-block-latest-posts__post-date\">November 8, 2024<\/time><\/li>\n<\/ul><\/div><\/div>\n\n<div class=\"wp-block-group clubkultur2-vag-text-1\"><div class=\"wp-block-group__inner-container is-layout-flow wp-block-group-is-layout-flow\"><h2 class=\"wp-block-heading\" id=\"was-uns-motiviert\">Was uns motiviert<\/h2>\n\n<p>In unserer Stadt Freiburg gab es in den letzten 20 Jahren ein erschreckendes <strong>Clubsterben<\/strong>:<a href=\"https:\/\/fudder.de\/diese-38-freiburger-clubs-haben-in-den-vergangenen-20-jahren-geschlossen--130686971.html\"> 38 Clubs mussten in den letzten 20 Jahren schlie\u00dfen<\/a>, <a href=\"https:\/\/clubkultur-freiburg.de\/?page_id=196\" data-type=\"page\" data-id=\"196\">11 davon in den letzten 9<\/a>. \u00dcbrig sind noch 13 (Stand vor Corona). Au\u00dferdem gibt es nur drei <strong>Au\u00dfenb\u00fchnen<\/strong> (im sonnigsten Teil Deutschlands). Deren Benutzung ist zudem durch die Auflagen zum Schutz der Anwohnenden nur bedingt m\u00f6glich. Es gibt nur einen <strong>Club mit Au\u00dfenbereich<\/strong>.<\/p>\n\n<p>Gleichzeitig hat Freiburg eine tolle Szene an Kulturschaffenden, die diese Art R\u00e4ume und Fl\u00e4chen dringend brauchen, um dem Kulturbedarf der Menschen dieser Stadt angemessen zu begegnen und die Stadt kulturell wieder aufbl\u00fchen zu lassen.<\/p>\n\n<figure class=\"wp-block-pullquote\"><blockquote><p>Wir brauchen dringend das Kulturareal Freiburg!<\/p><\/blockquote><\/figure><\/div><\/div>\n\n<div class=\"wp-block-group clubkultur2-vag-gt8k\"><div class=\"wp-block-group__inner-container is-layout-flow wp-block-group-is-layout-flow\"><figure class=\"wp-block-image size-large\"><img loading=\"lazy\" decoding=\"async\" width=\"1024\" height=\"601\" src=\"https:\/\/clubkultur-freiburg.de\/wp-content\/uploads\/2021\/10\/GT8K-Projektseite-1024x601.png\" alt=\"\" class=\"wp-image-798\" srcset=\"https:\/\/clubkultur-freiburg.de\/wp-content\/uploads\/2021\/10\/GT8K-Projektseite-1024x601.png 1024w, https:\/\/clubkultur-freiburg.de\/wp-content\/uploads\/2021\/10\/GT8K-Projektseite-300x176.png 300w, https:\/\/clubkultur-freiburg.de\/wp-content\/uploads\/2021\/10\/GT8K-Projektseite-768x451.png 768w, https:\/\/clubkultur-freiburg.de\/wp-content\/uploads\/2021\/10\/GT8K-Projektseite.png 1336w\" sizes=\"auto, (max-width: 1024px) 100vw, 1024px\" \/><\/figure><\/div><\/div>\n\n<div class=\"wp-block-group clubkultur2-vag-text-2\"><div class=\"wp-block-group__inner-container is-layout-flow wp-block-group-is-layout-flow\"><h2 class=\"wp-block-heading\" id=\"das-projekt\">Das Projekt<\/h2>\n\n<p>Wir planen die Gr\u00fcndung und den Betrieb eines <strong>freien Kulturareal Freiburg&nbsp;mit Kulturstra\u00dfenbahn und Au\u00dfenfl\u00e4che<\/strong>. Fester Bestandteil des Areals wird eine ausgemusterte <strong>Freiburger Stra\u00dfenbahn<\/strong> sein, die mit Bar-, Konzert- und Clubtechnik ausgestattet ist.<\/p>\n\n<p>Auf dem Kulturareal sollen variierende kulturelle Angebote stattfinden, veranstaltet von verschiedensten Vereinen, Institutionen und Veranstalter*innen. Die Freiburger Kulturszene soll mit der Kulturstra\u00dfenbahn einen <strong>niederschwellig zug\u00e4nglichen Raum<\/strong> bekommen, um ihre Projekte zu verwirklichen, ihr Freiburger Publikum zu begeistern und um auch mal ein Experiment zu wagen, ohne ein extremes finanzielles Risiko eingehen zu m\u00fcssen.<\/p>\n\n<p>Es versteht sich von selbst: Besucher*innen jeglicher Geschlechter, Orientierungen, Altersstufen und Herk\u00fcnfte sind willkommen und sollen auf den Veranstaltungen des Kulturareals in Freiburg einen sicheren Raum vorfinden. Wir stellen uns eine Vielzahl unterschiedlicher Angebote vor, f\u00fcr Tag und Nacht, von Workshops und Flohm\u00e4rkten, \u00fcber Freilichttheater und Ausstellungen bis zu Club-Veranstaltungen und Konzerten.<\/p>\n\n<p>Als Verein sehen wir es als unsere Aufgabe, dieses Kulturareal f\u00fcr die Freiburger Kultur zu erschlie\u00dfen und auf die Beine zu stellen: Zun\u00e4chst muss eine geeignete Fl\u00e4che f\u00fcr unsere Bahn gefunden werden, die sich f\u00fcr die oben beschriebenen Zwecke eignet. Die Finanzierung von Umbau und Anlauf des Betriebs muss sichergestellt werden sowie eine Institution geschaffen werden, die den Betrieb des Areals im Sinne unserer Vision professionell organisiert. Insbesondere muss das Areal durch eine Non-Profit-Organisation betrieben werden, um es f\u00fcr m\u00f6glichst viele Menschen erlebbar zu machen.<\/p>\n\n<p>Unser Ziel f\u00fcr Aufbau und Anfangsphase ist es, einen gro\u00dfen Teil der Finanzierung \u00fcber Investor*innen und Sponsoring abzudecken und einen weiteren Teil \u00fcber die Stadt Freiburg sowie F\u00f6rderverb\u00e4nde von Stadt, Land, Bund und EU. Die restlichen Mittel wollen wir selbst \u00fcber Spenden, Crowdfunding und Spendenveranstaltungen aufbringen.<\/p>\n\n<h2 class=\"wp-block-heading\" id=\"wie-k\u00f6nnt-ihr-uns-unterst\u00fctzen\">Wie k\u00f6nnt ihr uns unterst\u00fctzen?<\/h2>\n\n<p>Wenn Dir die Idee unseres Projekts gef\u00e4llt und Du auch einen Beitrag zur dringend n\u00f6tigen Verbesserung der Freiburger Kulturlandschaft leisten m\u00f6chtest; wir k\u00f6nnen jede Hilfe gebrauchen. In der aktuellen Phase w\u00e4ren vor allem wichtig:<\/p>\n\n<ul class=\"wp-block-list\"><li>Hinweise auf m\u00f6gliche Fl\u00e4chen und\/oder Kontakte zu deren Besitzer*innen<\/li>\n\n<li>Hinweise auf F\u00f6rderprogramme und Kontakte zu Sponsoren, die an der finanziellen Unterst\u00fctzung des Projekts interessiert sein k\u00f6nnten<\/li>\n\n<li>Kontakte zu \u00e4hnlichen Projekten (z.B. in anderen St\u00e4dten) mit denen wir uns austauschen k\u00f6nnten<\/li>\n\n<li>Kontakte zu Architekt*innen\/Bauingenieur*innen, die Interesse haben k\u00f6nnten uns zu unterst\u00fctzen<\/li>\n\n<li>aktives Mitmachen im Verein; schreib\u2019 einfach mal ein Mail an <a href=\"mailto:hallo@clubkultur-freiburg.de\">hallo@clubkultur-freiburg.de<\/a> und komm&#8217; zu unserem Plenum. Die Plena finden alle zwei Wochen am Mittwoch Abend statt (mehr Infos per Mail).<\/li>\n\n<li>oder auch eine <a href=\"https:\/\/clubkultur-freiburg.de\/?page_id=100\">Spende<\/a><\/li><\/ul><\/div><\/div>\n\n<div class=\"wp-block-group clubkultur2-vag-eckdaten\"><div class=\"wp-block-group__inner-container is-layout-flow wp-block-group-is-layout-flow\"><h2 class=\"wp-block-heading\" id=\"echdaten-zum-areal\">Eckdaten zum Areal<\/h2>\n\n<figure class=\"wp-block-table\"><table><tbody><tr><td>Geplante Grundfl\u00e4che<\/td><td>ca 2000qm<\/td><\/tr><tr><td>Freifl\u00e4che enth\u00e4lt<\/td><td>B\u00fchne, Trib\u00fcne, Au\u00dfenbar, Segeldach, Begr\u00fcnung, Kassenhaus<\/td><\/tr><tr><td>Basisgeb\u00e4ude enth\u00e4lt<\/td><td>B\u00fcro, Lager, K\u00fchlung, WC<\/td><\/tr><tr><td>Stra\u00dfenbahn<\/td><td>Ma\u00dfe: 32m x 2.3m enth\u00e4lt Bar, Sitzbereich, Tanzfl\u00e4che, B\u00fchne<\/td><\/tr><\/tbody><\/table><\/figure><\/div><\/div>\n\n<div class=\"wp-block-group clubkultur2-vag-infos\"><div class=\"wp-block-group__inner-container is-layout-flow wp-block-group-is-layout-flow\"><h2 class=\"wp-block-heading\">Infomaterial<\/h2>\n\n<figure class=\"wp-block-image size-large\"><img loading=\"lazy\" decoding=\"async\" width=\"2560\" height=\"1680\" src=\"https:\/\/clubkultur-freiburg.de\/wp-content\/uploads\/2024\/11\/CK_Flyer-offen_-Mock-up-edited-scaled.jpg\" alt=\"\" class=\"wp-image-1032\" srcset=\"https:\/\/clubkultur-freiburg.de\/wp-content\/uploads\/2024\/11\/CK_Flyer-offen_-Mock-up-edited-scaled.jpg 2560w, https:\/\/clubkultur-freiburg.de\/wp-content\/uploads\/2024\/11\/CK_Flyer-offen_-Mock-up-edited-300x197.jpg 300w, https:\/\/clubkultur-freiburg.de\/wp-content\/uploads\/2024\/11\/CK_Flyer-offen_-Mock-up-edited-1024x672.jpg 1024w, https:\/\/clubkultur-freiburg.de\/wp-content\/uploads\/2024\/11\/CK_Flyer-offen_-Mock-up-edited-768x504.jpg 768w, https:\/\/clubkultur-freiburg.de\/wp-content\/uploads\/2024\/11\/CK_Flyer-offen_-Mock-up-edited-1536x1008.jpg 1536w, https:\/\/clubkultur-freiburg.de\/wp-content\/uploads\/2024\/11\/CK_Flyer-offen_-Mock-up-edited-2048x1344.jpg 2048w, https:\/\/clubkultur-freiburg.de\/wp-content\/uploads\/2024\/11\/CK_Flyer-offen_-Mock-up-edited-1568x1029.jpg 1568w\" sizes=\"auto, (max-width: 2560px) 100vw, 2560px\" \/><figcaption class=\"wp-element-caption\">[Download] Info Flyer zum Kulturareal Freiburg<\/figcaption><\/figure>\n\n<figure class=\"wp-block-image size-large\"><a href=\"https:\/\/clubkultur-freiburg.de\/wp-content\/uploads\/2022\/04\/Praesi-CK-eV-_02.04.22.pdf\"><img loading=\"lazy\" decoding=\"async\" width=\"1024\" height=\"768\" src=\"https:\/\/clubkultur-freiburg.de\/wp-content\/uploads\/2021\/11\/photo_2021-11-11_21-18-58-1024x768.jpg\" alt=\"\" class=\"wp-image-879\" srcset=\"https:\/\/clubkultur-freiburg.de\/wp-content\/uploads\/2021\/11\/photo_2021-11-11_21-18-58-1024x768.jpg 1024w, https:\/\/clubkultur-freiburg.de\/wp-content\/uploads\/2021\/11\/photo_2021-11-11_21-18-58-300x225.jpg 300w, https:\/\/clubkultur-freiburg.de\/wp-content\/uploads\/2021\/11\/photo_2021-11-11_21-18-58-768x576.jpg 768w, https:\/\/clubkultur-freiburg.de\/wp-content\/uploads\/2021\/11\/photo_2021-11-11_21-18-58.jpg 1280w\" sizes=\"auto, (max-width: 1024px) 100vw, 1024px\" \/><\/a><figcaption class=\"wp-element-caption\">[Download] Pr\u00e4sentation zum Kulturareal Freiburg mit Kulturstra\u00dfenbahn<\/figcaption><\/figure>\n\n<figure class=\"wp-block-image size-large\"><a href=\"https:\/\/clubkultur-freiburg.de\/wp-content\/uploads\/2021\/11\/Grundriss_klein.VAG_-scaled.jpg\"><img loading=\"lazy\" decoding=\"async\" width=\"1024\" height=\"608\" src=\"https:\/\/clubkultur-freiburg.de\/wp-content\/uploads\/2021\/11\/Grundriss_klein.VAG_-1024x608.jpg\" alt=\"\" class=\"wp-image-883\" srcset=\"https:\/\/clubkultur-freiburg.de\/wp-content\/uploads\/2021\/11\/Grundriss_klein.VAG_-1024x608.jpg 1024w, https:\/\/clubkultur-freiburg.de\/wp-content\/uploads\/2021\/11\/Grundriss_klein.VAG_-300x178.jpg 300w, https:\/\/clubkultur-freiburg.de\/wp-content\/uploads\/2021\/11\/Grundriss_klein.VAG_-768x456.jpg 768w, https:\/\/clubkultur-freiburg.de\/wp-content\/uploads\/2021\/11\/Grundriss_klein.VAG_-1536x912.jpg 1536w, https:\/\/clubkultur-freiburg.de\/wp-content\/uploads\/2021\/11\/Grundriss_klein.VAG_-2048x1217.jpg 2048w, https:\/\/clubkultur-freiburg.de\/wp-content\/uploads\/2021\/11\/Grundriss_klein.VAG_-1568x931.jpg 1568w\" sizes=\"auto, (max-width: 1024px) 100vw, 1024px\" \/><\/a><figcaption class=\"wp-element-caption\">[Download] (fiktiver) Plan des Kulturareals mit Kulturstra\u00dfenbahn<\/figcaption><\/figure>\n\n<figure class=\"wp-block-image size-large\"><a href=\"https:\/\/clubkultur-freiburg.de\/wp-content\/uploads\/2021\/10\/Fla%CC%88chen-Priorisierung_CK.e.V..pdf\"><img loading=\"lazy\" decoding=\"async\" width=\"1024\" height=\"768\" src=\"https:\/\/clubkultur-freiburg.de\/wp-content\/uploads\/2021\/11\/photo_2021-11-11_21-19-17-1024x768.jpg\" alt=\"\" class=\"wp-image-880\" srcset=\"https:\/\/clubkultur-freiburg.de\/wp-content\/uploads\/2021\/11\/photo_2021-11-11_21-19-17-1024x768.jpg 1024w, https:\/\/clubkultur-freiburg.de\/wp-content\/uploads\/2021\/11\/photo_2021-11-11_21-19-17-300x225.jpg 300w, https:\/\/clubkultur-freiburg.de\/wp-content\/uploads\/2021\/11\/photo_2021-11-11_21-19-17-768x576.jpg 768w, https:\/\/clubkultur-freiburg.de\/wp-content\/uploads\/2021\/11\/photo_2021-11-11_21-19-17.jpg 1280w\" sizes=\"auto, (max-width: 1024px) 100vw, 1024px\" \/><\/a><figcaption class=\"wp-element-caption\">[Download] Pr\u00e4sentation zur Fl\u00e4chenpriosierung in Freiburg<\/figcaption><\/figure><\/div><\/div><\/div><\/div><div class=\"wp-block-group clubkultur2-vag-unterstuetzung\"><div class=\"wp-block-group__inner-container is-layout-flow wp-block-group-is-layout-flow\"><h2 class=\"wp-block-heading\" id=\"unterst\u00fctzerinnen\">Unterst\u00fctzer*innen<\/h2>\n\n<h3 class=\"wp-block-heading\" id=\"vereineb\u00fcndnisse\">VEREINE\/B\u00dcNDNISSE:<\/h3>\n\n<p>BIS SP\u00c4TI, BRETTERBUDE E.V., CORNER E.V., IG SUBKULTUR, KULTURAGGREGAT E.V., KULTURBAHNHOF KULBA, LOCARTISTA, MULTICORE E.V., NEEDSOME RADIO SHOW, POETRY SLAM FREIBURG, SOUNDCITY FREIBURG, STUDIO WIEHRE, SUBCULTURE MAGAZIN\/SUBCULTURE URBAN MEDIA, UNITED WE STREAM UPPER RHINE<\/p>\n\n<h3 class=\"wp-block-heading\" id=\"kollektive\">KOLLEKTIVE:<\/h3>\n\n<p>BASSBL\u00dcTEN-THERAPIE, BIT BY BIT &#8211; CREW, COSMIC MINTS, DIE GEILEN, DIGITAL STEPPAZ, DORF PUNX, DOWN BY THE LAKE, DRAMA CLUB, EINFACH SO, FRESH LIFE RECORDS, IMPULS CREW, LA ROKOKO, PALAS, RESTLESS FEET, SIGNAL 403, SKINNY BITCH DJANE TEAM, SMALLVILLE RECORDS, ULLMANN&amp;REHMANN,<\/p>\n\n<h3 class=\"wp-block-heading\" id=\"k\u00fcnstlerinnen\">K\u00dcNSTLER*INNEN<\/h3>\n\n<p>ALEX MASON, BABYLIT, BENSNBURNER, BETTY BBQ, BJ\u00d6RN PENG, DITA WHIP, DON KANALIE, ELLA STRACCIATELLA, GHETTO HARALD, GRODOCK, JULIUS STEINHOFF, KIRSCHMOND, KLINGBERG, KOLLEKTIV B, LAIKA MUSIC, LUMINATOR, MANUEL MASCHINE, MARTIN STIRNBAND, MASCON, MIO POETIC, MOVE D, OSKARSON, RAINER TR\u00dcBY, SHADDY, STATIC VOID, SVEN LUEDENSCHEID, THOMAS BRAND, THORSTEN LEUCHT, TINA TURNUP, URTE<\/p><\/div><\/div>","protected":false},"excerpt":{"rendered":"<p>Hallo! Wir sind Clubkultur e.V., ein gemeinn\u00fctziger Verein, der sich dem Erhalt und Wiederaufbau der Freiburger Clubkultur verschrieben hat. Unser Projekt ist das Kulturareal Freiburg mit der Kulturstra\u00dfenbahn. Projekt-Updates Was uns motiviert In unserer Stadt Freiburg gab es in den letzten 20 Jahren ein erschreckendes Clubsterben: 38 Clubs mussten in den letzten 20 Jahren schlie\u00dfen, [&hellip;]<\/p>\n","protected":false},"author":2,"featured_media":0,"parent":0,"menu_order":0,"comment_status":"closed","ping_status":"closed","template":"page_vagprojectpage.php","meta":{"footnotes":""},"class_list":["post-785","page","type-page","status-publish","hentry","entry"],"yoast_head":"<!-- This site is optimized with the Yoast SEO plugin v27.3 - https:\/\/yoast.com\/product\/yoast-seo-wordpress\/ -->\n<title>Kulturareal Freiburg - Clubkultur e.V.<\/title>\n<meta name=\"description\" content=\"Kultur in Bewegung \u2013 das Kulturareal Freiburg mit der Kulturstra\u00dfenbahn verbindet Clubszene, Kunst und urbanes Leben auf Schienen.\" \/>\n<meta name=\"robots\" content=\"index, follow, max-snippet:-1, max-image-preview:large, max-video-preview:-1\" \/>\n<link rel=\"canonical\" href=\"https:\/\/clubkultur-freiburg.de\/\" \/>\n<meta property=\"og:locale\" content=\"de_DE\" \/>\n<meta property=\"og:type\" content=\"article\" \/>\n<meta property=\"og:title\" content=\"Kulturareal Freiburg - Clubkultur e.V.\" \/>\n<meta property=\"og:description\" content=\"Kultur in Bewegung \u2013 das Kulturareal Freiburg mit der Kulturstra\u00dfenbahn verbindet Clubszene, Kunst und urbanes Leben auf Schienen.\" \/>\n<meta property=\"og:url\" content=\"https:\/\/clubkultur-freiburg.de\/\" \/>\n<meta property=\"og:site_name\" content=\"Clubkultur e.V.\" \/>\n<meta property=\"article:publisher\" content=\"https:\/\/www.facebook.com\/Clubkultur.e.V.Freiburg\" \/>\n<meta property=\"article:modified_time\" content=\"2025-05-20T18:24:01+00:00\" \/>\n<meta property=\"og:image\" content=\"https:\/\/clubkultur-freiburg.de\/wp-content\/uploads\/2021\/10\/presentation-link-pic-1024x555.jpg\" \/>\n<meta name=\"twitter:card\" content=\"summary_large_image\" \/>\n<meta name=\"twitter:label1\" content=\"Gesch\u00e4tzte Lesezeit\" \/>\n\t<meta name=\"twitter:data1\" content=\"6\u00a0Minuten\" \/>\n<script type=\"application\/ld+json\" class=\"yoast-schema-graph\">{\"@context\":\"https:\\\/\\\/schema.org\",\"@graph\":[{\"@type\":\"WebPage\",\"@id\":\"https:\\\/\\\/clubkultur-freiburg.de\\\/\",\"url\":\"https:\\\/\\\/clubkultur-freiburg.de\\\/\",\"name\":\"Kulturareal Freiburg - Clubkultur e.V.\",\"isPartOf\":{\"@id\":\"https:\\\/\\\/clubkultur-freiburg.de\\\/#website\"},\"primaryImageOfPage\":{\"@id\":\"https:\\\/\\\/clubkultur-freiburg.de\\\/#primaryimage\"},\"image\":{\"@id\":\"https:\\\/\\\/clubkultur-freiburg.de\\\/#primaryimage\"},\"thumbnailUrl\":\"https:\\\/\\\/clubkultur-freiburg.de\\\/wp-content\\\/uploads\\\/2021\\\/10\\\/presentation-link-pic-1024x555.jpg\",\"datePublished\":\"2021-09-11T07:52:59+00:00\",\"dateModified\":\"2025-05-20T18:24:01+00:00\",\"description\":\"Kultur in Bewegung \u2013 das Kulturareal Freiburg mit der Kulturstra\u00dfenbahn verbindet Clubszene, Kunst und urbanes Leben auf Schienen.\",\"breadcrumb\":{\"@id\":\"https:\\\/\\\/clubkultur-freiburg.de\\\/#breadcrumb\"},\"inLanguage\":\"de\",\"potentialAction\":[{\"@type\":\"ReadAction\",\"target\":[\"https:\\\/\\\/clubkultur-freiburg.de\\\/\"]}]},{\"@type\":\"ImageObject\",\"inLanguage\":\"de\",\"@id\":\"https:\\\/\\\/clubkultur-freiburg.de\\\/#primaryimage\",\"url\":\"https:\\\/\\\/clubkultur-freiburg.de\\\/wp-content\\\/uploads\\\/2021\\\/10\\\/presentation-link-pic-scaled.jpg\",\"contentUrl\":\"https:\\\/\\\/clubkultur-freiburg.de\\\/wp-content\\\/uploads\\\/2021\\\/10\\\/presentation-link-pic-scaled.jpg\",\"width\":2560,\"height\":1387,\"caption\":\"Visualisierung Kulturareal Freiburg mit Kulturstra\u00dfenbahn\"},{\"@type\":\"BreadcrumbList\",\"@id\":\"https:\\\/\\\/clubkultur-freiburg.de\\\/#breadcrumb\",\"itemListElement\":[{\"@type\":\"ListItem\",\"position\":1,\"name\":\"Startseite\",\"item\":\"https:\\\/\\\/clubkultur-freiburg.de\\\/\"},{\"@type\":\"ListItem\",\"position\":2,\"name\":\"Kulturareal Freiburg\"}]},{\"@type\":\"WebSite\",\"@id\":\"https:\\\/\\\/clubkultur-freiburg.de\\\/#website\",\"url\":\"https:\\\/\\\/clubkultur-freiburg.de\\\/\",\"name\":\"Clubkultur e.V.\",\"description\":\"Verein zur Erhaltung und F\u00f6rderung der Pop- und Clubkultur in Freiburg e.V.\",\"publisher\":{\"@id\":\"https:\\\/\\\/clubkultur-freiburg.de\\\/#organization\"},\"potentialAction\":[{\"@type\":\"SearchAction\",\"target\":{\"@type\":\"EntryPoint\",\"urlTemplate\":\"https:\\\/\\\/clubkultur-freiburg.de\\\/?s={search_term_string}\"},\"query-input\":{\"@type\":\"PropertyValueSpecification\",\"valueRequired\":true,\"valueName\":\"search_term_string\"}}],\"inLanguage\":\"de\"},{\"@type\":\"Organization\",\"@id\":\"https:\\\/\\\/clubkultur-freiburg.de\\\/#organization\",\"name\":\"Clubkultur e.V.\",\"url\":\"https:\\\/\\\/clubkultur-freiburg.de\\\/\",\"logo\":{\"@type\":\"ImageObject\",\"inLanguage\":\"de\",\"@id\":\"https:\\\/\\\/clubkultur-freiburg.de\\\/#\\\/schema\\\/logo\\\/image\\\/\",\"url\":\"https:\\\/\\\/clubkultur-freiburg.de\\\/wp-content\\\/uploads\\\/2019\\\/07\\\/cropped-logo.png\",\"contentUrl\":\"https:\\\/\\\/clubkultur-freiburg.de\\\/wp-content\\\/uploads\\\/2019\\\/07\\\/cropped-logo.png\",\"width\":787,\"height\":320,\"caption\":\"Clubkultur e.V.\"},\"image\":{\"@id\":\"https:\\\/\\\/clubkultur-freiburg.de\\\/#\\\/schema\\\/logo\\\/image\\\/\"},\"sameAs\":[\"https:\\\/\\\/www.facebook.com\\\/Clubkultur.e.V.Freiburg\",\"https:\\\/\\\/www.instagram.com\\\/clubkultur_ev\\\/\"]}]}<\/script>\n<!-- \/ Yoast SEO plugin. -->","yoast_head_json":{"title":"Kulturareal Freiburg - Clubkultur e.V.","description":"Kultur in Bewegung \u2013 das Kulturareal Freiburg mit der Kulturstra\u00dfenbahn verbindet Clubszene, Kunst und urbanes Leben auf Schienen.","robots":{"index":"index","follow":"follow","max-snippet":"max-snippet:-1","max-image-preview":"max-image-preview:large","max-video-preview":"max-video-preview:-1"},"canonical":"https:\/\/clubkultur-freiburg.de\/","og_locale":"de_DE","og_type":"article","og_title":"Kulturareal Freiburg - Clubkultur e.V.","og_description":"Kultur in Bewegung \u2013 das Kulturareal Freiburg mit der Kulturstra\u00dfenbahn verbindet Clubszene, Kunst und urbanes Leben auf Schienen.","og_url":"https:\/\/clubkultur-freiburg.de\/","og_site_name":"Clubkultur e.V.","article_publisher":"https:\/\/www.facebook.com\/Clubkultur.e.V.Freiburg","article_modified_time":"2025-05-20T18:24:01+00:00","og_image":[{"url":"https:\/\/clubkultur-freiburg.de\/wp-content\/uploads\/2021\/10\/presentation-link-pic-1024x555.jpg","type":"","width":"","height":""}],"twitter_card":"summary_large_image","twitter_misc":{"Gesch\u00e4tzte Lesezeit":"6\u00a0Minuten"},"schema":{"@context":"https:\/\/schema.org","@graph":[{"@type":"WebPage","@id":"https:\/\/clubkultur-freiburg.de\/","url":"https:\/\/clubkultur-freiburg.de\/","name":"Kulturareal Freiburg - Clubkultur e.V.","isPartOf":{"@id":"https:\/\/clubkultur-freiburg.de\/#website"},"primaryImageOfPage":{"@id":"https:\/\/clubkultur-freiburg.de\/#primaryimage"},"image":{"@id":"https:\/\/clubkultur-freiburg.de\/#primaryimage"},"thumbnailUrl":"https:\/\/clubkultur-freiburg.de\/wp-content\/uploads\/2021\/10\/presentation-link-pic-1024x555.jpg","datePublished":"2021-09-11T07:52:59+00:00","dateModified":"2025-05-20T18:24:01+00:00","description":"Kultur in Bewegung \u2013 das Kulturareal Freiburg mit der Kulturstra\u00dfenbahn verbindet Clubszene, Kunst und urbanes Leben auf Schienen.","breadcrumb":{"@id":"https:\/\/clubkultur-freiburg.de\/#breadcrumb"},"inLanguage":"de","potentialAction":[{"@type":"ReadAction","target":["https:\/\/clubkultur-freiburg.de\/"]}]},{"@type":"ImageObject","inLanguage":"de","@id":"https:\/\/clubkultur-freiburg.de\/#primaryimage","url":"https:\/\/clubkultur-freiburg.de\/wp-content\/uploads\/2021\/10\/presentation-link-pic-scaled.jpg","contentUrl":"https:\/\/clubkultur-freiburg.de\/wp-content\/uploads\/2021\/10\/presentation-link-pic-scaled.jpg","width":2560,"height":1387,"caption":"Visualisierung Kulturareal Freiburg mit Kulturstra\u00dfenbahn"},{"@type":"BreadcrumbList","@id":"https:\/\/clubkultur-freiburg.de\/#breadcrumb","itemListElement":[{"@type":"ListItem","position":1,"name":"Startseite","item":"https:\/\/clubkultur-freiburg.de\/"},{"@type":"ListItem","position":2,"name":"Kulturareal Freiburg"}]},{"@type":"WebSite","@id":"https:\/\/clubkultur-freiburg.de\/#website","url":"https:\/\/clubkultur-freiburg.de\/","name":"Clubkultur e.V.","description":"Verein zur Erhaltung und F\u00f6rderung der Pop- und Clubkultur in Freiburg e.V.","publisher":{"@id":"https:\/\/clubkultur-freiburg.de\/#organization"},"potentialAction":[{"@type":"SearchAction","target":{"@type":"EntryPoint","urlTemplate":"https:\/\/clubkultur-freiburg.de\/?s={search_term_string}"},"query-input":{"@type":"PropertyValueSpecification","valueRequired":true,"valueName":"search_term_string"}}],"inLanguage":"de"},{"@type":"Organization","@id":"https:\/\/clubkultur-freiburg.de\/#organization","name":"Clubkultur e.V.","url":"https:\/\/clubkultur-freiburg.de\/","logo":{"@type":"ImageObject","inLanguage":"de","@id":"https:\/\/clubkultur-freiburg.de\/#\/schema\/logo\/image\/","url":"https:\/\/clubkultur-freiburg.de\/wp-content\/uploads\/2019\/07\/cropped-logo.png","contentUrl":"https:\/\/clubkultur-freiburg.de\/wp-content\/uploads\/2019\/07\/cropped-logo.png","width":787,"height":320,"caption":"Clubkultur e.V."},"image":{"@id":"https:\/\/clubkultur-freiburg.de\/#\/schema\/logo\/image\/"},"sameAs":["https:\/\/www.facebook.com\/Clubkultur.e.V.Freiburg","https:\/\/www.instagram.com\/clubkultur_ev\/"]}]}},"_links":{"self":[{"href":"https:\/\/clubkultur-freiburg.de\/index.php?rest_route=\/wp\/v2\/pages\/785","targetHints":{"allow":["GET"]}}],"collection":[{"href":"https:\/\/clubkultur-freiburg.de\/index.php?rest_route=\/wp\/v2\/pages"}],"about":[{"href":"https:\/\/clubkultur-freiburg.de\/index.php?rest_route=\/wp\/v2\/types\/page"}],"author":[{"embeddable":true,"href":"https:\/\/clubkultur-freiburg.de\/index.php?rest_route=\/wp\/v2\/users\/2"}],"replies":[{"embeddable":true,"href":"https:\/\/clubkultur-freiburg.de\/index.php?rest_route=%2Fwp%2Fv2%2Fcomments&post=785"}],"version-history":[{"count":54,"href":"https:\/\/clubkultur-freiburg.de\/index.php?rest_route=\/wp\/v2\/pages\/785\/revisions"}],"predecessor-version":[{"id":1072,"href":"https:\/\/clubkultur-freiburg.de\/index.php?rest_route=\/wp\/v2\/pages\/785\/revisions\/1072"}],"wp:attachment":[{"href":"https:\/\/clubkultur-freiburg.de\/index.php?rest_route=%2Fwp%2Fv2%2Fmedia&parent=785"}],"curies":[{"name":"wp","href":"https:\/\/api.w.org\/{rel}","templated":true}]}}